). Calculate the greatest common factor of k and 806.
26
Let s(r) = 6*r**3 - 35*r**2 - 7*r + 8. Let q be s(6). Let g = -12 + 7. Let o be q/g - (-177)/5. Calculate the greatest common factor of o and 7.
7
Let i be 6 - ((-8)/5)/((-158)/(-2990545)). What is the highest common divisor of 233 and i?
233
Suppose 2022*h - 2021*h - 31 = 0. Calculate the greatest common divisor of 496 and h.
31
Let y be (-378)/5*((-350)/75 + 3). Calculate the greatest common factor of y and 546.
42
Let h(z) = -z**2 + 8*z + 5. Let x be h(4). Let l = -16 + x. Suppose 0 = l*n - 1 - 49. What is the greatest common factor of 15 and n?
5
Let l(c) = 7*c**2 + 172*c + 66. Let m be l(-25). Calculate the highest common divisor of 10669 and m.
47
Suppose 0 = 634*n - 335*n - 327*n + 784. Let y be (1 - 10/3)*-66. Calculate the highest common factor of n and y.
14
Suppose 31*t - 187633 = -20171. What is the highest common divisor of 148 and t?
74
Let g(y) = -y**3 + 20*y**2 + 16*y - 85. Let l be g(20). Calculate the greatest common divisor of 799 and l.
47
Let v = 2 + 1. Suppose 1 = v*x - 17. Suppose -546 = 64*t - 380 - 422. What is the greatest common factor of t and x?
2
Suppose 0 - 2 = k - 7. Suppose 3*j + j = -5*z + 337, -2*j + 201 = 3*z. Calculate the greatest common divisor of z and k.
5
Let q = -8313 + 8425. What is the highest common factor of q and 560?
112
Suppose 3*d + 4*r = -10, 0*d + 4*r + 22 = 3*d. Suppose -4*z = -i + d*i - 1970, 0 = -i + 2. What is the greatest common divisor of z and 12?
12
Let s = 2235 + -437. Calculate the greatest common divisor of 406 and s.
58
Let o(q) = 159*q**2 - 1812*q + 5. Let x be o(-6). What is the greatest common factor of 39 and x?
13
Let n(g) = g**3 + 29*g**2 + 52*g - 42. Let o be n(-27). Suppose -6*f + 216 = o*f. What is the highest common factor of f and 156?
12
Suppose -49*r + 53*r - 5*q - 9068 = 0, 2*q = 4*r - 9092. What is the highest common divisor of 276 and r?
69
Let d be 1468/7 + (-7)/((-245)/10). Calculate the greatest common divisor of d and 12.
6
Suppose 2*m = -4*f + 660, -4*m - 20*f + 1356 = -16*f. Suppose 0 = -2*d + 17 + 7. What is the highest common factor of d and m?
12
Let d = 87 - 97. Let b(t) = -3*t**3 - 8*t**2 + 3*t - 10. Let w be b(d). Let v be (w/(-168))/((-2)/14). Calculate the greatest common divisor of 30 and v.
30
Let t(z) = -89*z**3 + 4*z + 7. Let c be t(-5). Calculate the greatest common divisor of 6 and c.
6
Let c be (1/4 - (-26340)/1200)/(1/2305). What is the highest common divisor of 111 and c?
111
Let v = 6397 - 5592. What is the greatest common divisor of 665 and v?
35
Let p(y) = 146*y**2 - 4*y + 2. Let v be p(2). Suppose 2*c + 4*w - 96 = 0, -2*c + 5*w + 32 = -1. What is the highest common divisor of v and c?
34
Suppose 275*u = -360*u + 224*u + 152481. Calculate the highest common divisor of u and 14.
7
Suppose 62 = 19*i - 33. Suppose i*o = 387 - 217. What is the highest common factor of 510 and o?
34
Let n(x) = 18*x - 1136. Let a be n(64). What is the greatest common divisor of a and 2608?
16
Let s be (0 - -1) + (11 - 5) + 277. Suppose 1116 = 28*x - s. What is the highest common divisor of x and 275?
25
Suppose l + 2 = 14. Suppose 44 + l = -4*b. Let q = 23 + b. What is the greatest common factor of 9 and q?
9
Let g = -424 - -870. Let l = 460 - g. Calculate the highest common divisor of 301 and l.
7
Let f = -43691 - -43751. Suppose 5*i - 165 = 4*i. Calculate the greatest common divisor of f and i.
15
Let o(j) = j**2 + 6*j - 16. Let s be o(-9). Let m(p) = -4*p + 0 - p**2 + s*p + 9. Let d be m(7). Calculate the highest common divisor of d and 63.
9
Let g = 45 - 194. Let m be (-12)/(-8) - g/2. Let a = 4 + m. Calculate the highest common divisor of a and 10.
10
Suppose 0 = 5*g + 20, 4*y - 5*g - 94 = 66. Suppose 0 = -9*p + 10*p - 3*c - 28, -c + 44 = 5*p. What is the greatest common factor of y and p?
5
Let y = -24 + 35. Let u(o) = -15*o + 13*o + y*o - o**2 - 33 + 9*o. Let j be u(15). Calculate the highest common divisor of 24 and j.
12
Let c(t) = 72*t**3 + 2*t**2 + t. Let o be c(1). Calculate the highest common factor of 125 and o.
25
Let t = 8 + -5. Suppose 37*v = 42*v - 8*k - 150, 4*k - 120 = -4*v. Calculate the greatest common factor of t and v.
3
Let m = -62 + 64. Let i be (m/4)/(-2 - 26/(-12)). Let p be 9 + 1/(i/(-6)). Calculate the highest common divisor of 14 and p.
7
Let f = 353 + -217. What is the highest common divisor of f and 2482?
34
Suppose 4*c + 7 = 63. Suppose 13*x + 26*x = 4914. Calculate the greatest common factor of c and x.
14
Let c = -39 + 53. Suppose 2 = -3*i + c. Suppose 3*m + i*s = 8, 2*s - 3*s + 36 = 5*m. What is the highest common divisor of 32 and m?
8
Let c = 102 - 101. Let q be (c + -4)/((-27)/45). Suppose -3*g = -3*l - 6, q*l + 4*g = -0*g + 35. What is the greatest common factor of 1 and l?
1
Let j be -13*(-85)/884 + (-382)/(-8). Suppose j*s - 6402 = -48*s. Let p be (4/(-5))/2*-15. What is the highest common divisor of p and s?
6
Let p(b) = 2*b**2 + 7*b - 5. Let x be p(1). Suppose -2*v + 2*a = 4 - 26, x*a - 16 = 0. What is the highest common divisor of v and 255?
15
Suppose -b = 2*m - 46, -3*b + 199 = -3*m + 70. Calculate the greatest common factor of 121 and b.
11
Let u(v) = -2*v**2 - 25*v - 18. Suppose 17*n - 8 = 18*n. Let a be u(n). What is the highest common divisor of 621 and a?
27
Let t be -1 + 0 - 9/(-9). Suppose t = 7*l - 9*l + 22. Suppose -13*s - 741 = -2314. Calculate the highest common divisor of l and s.
11
Suppose 2*h = 4*u - h, -3*h = 12. Let f = -3206 - -3236. Let m be f/u*5/(-10)*6. Calculate the greatest common divisor of m and 6.
6
Let z be (-6555)/(-1) + 21/(-21). What is the greatest common divisor of z and 58?
58
Suppose -2*s - w = -108, 3*s + w = -s + 220. Suppose -4*g = -p - 296, -5*g - 122 - 138 = p. Let x = -273 - p. What is the highest common factor of s and x?
7
Suppose -a - a - 6 = 0, -5*w - 4*a = -3948. Suppose -95 = -5*u + 4*l - 20, -5*l - 47 = -2*u. What is the highest common divisor of w and u?
11
Suppose 2*d - 4038 = -4*i, 5*i - 5*d - 3337 = 1748. Calculate the highest common factor of i and 308.
44
Suppose -2712*f - 3944 = -2729*f. What is the highest common factor of f and 3?
1
Let u be (-19 + 14 - ((-75)/(-2))/(-3))*108. What is the greatest common factor of 30 and u?
30
Let s(g) = -g**3 - 58*g**2 - 291*g - 9. Let i be s(-5). Let y be (1*11)/(2 - 1). Calculate the highest common factor of i and y.
11
Suppose -7925 = 313*u + 78*u - 37641. What is the greatest common factor of 8284 and u?
76
Let o(p) = 49*p + 183. Let q be o(-16). Let f = q + 626. Calculate the highest common divisor of 200 and f.
25
Let s be (-60)/9*378/(-12). Let p be (-1440)/s*42/(-4). What is the greatest common divisor of p and 6?
6
Suppose -3*b + 6*b = 12. Let i be 66864/144 + b/6 + -1. Suppose i = -4*l + 8*l. Calculate the highest common factor of l and 29.
29
Suppose 0 = -3*s + 8*s - 225. Let m = -97 + 101. Let p be 219/15 + m/10. What is the highest common divisor of p and s?
15
Let y(d) = 3*d**3 - 27*d**2 + 7*d - 14. Let l be y(9). Suppose -14*v = -15*v + l. What is the highest common factor of 21 and v?
7
Let a be -6 + -1 + 4 + 51. Let h be -3 + 19/6 + 1672/a. What is the highest common factor of h and 63?
7
Let i = -17 + 26. Suppose -i = 3*l + 5*s + 8, -5*l - 3*s - 23 = 0. Let g be 5 + (l - -5) + -3*1. Calculate the highest common divisor of g and 27.
3
Let l = -113 - -145. Let f(r) = r**3 - r**2 - r + 48. Suppose -y + j = -4, -2*j = -y + 6 + 2. Let u be f(y). Calculate the greatest common factor of u and l.
16
Let y(q) = q**2 - 8*q + 7. Let b be y(11). Suppose 5*z = z - 1200. Let h be (-18)/(-27)*z/(-2). Calculate the greatest common factor of b and h.
20
Let w be (7 - 1) + 1*14 + (9 - 8). What is the highest common factor of w and 10059?
21
Let d(s) = s**3 + 8*s**2 + 97*s + 691. Let o be d(-7). Let c = 1007 + -519. Calculate the highest common factor of c and o.
61
Let d(g) = 169*g**3 - 2*g**2 + g. Let k be d(1). Let r(w) = -362*w - 628. Let t be r(-2). Calculate the greatest common factor of k and t.
24
Suppose 45*r - 51750 = -17190. Calculate the greatest common factor of r and 640.
128
Suppose -68 = 3*y - 299. Suppose -10*c - y = -17*c. Suppose -19 = -12*l + c*l. Calculate the highest common factor of 38 and l.
19
Let w(k) = 2*k**2 + 13*k + 506. Let n be w(49)